3766 = 0. Is k composite?
True
Let v be (-5 - (1 + -5))*-3. Suppose 0*o = o - v. Suppose -4*x + 2214 = 2*w - 3220, o*w + 5459 = 4*x. Is x prime?
True
Suppose 4*k + 15 = r + 7*k, 5 = 3*r - k. Is 6/r - 1062/(-6) a composite number?
False
Let v = 33 - 41. Is -6*(-7)/(-56) - 8462/v prime?
False
Suppose -3*u + 200470 = 4*v, 2*v - u + 5*u = 100240. Let o = v - 29059. Is o composite?
True
Suppose -2*w - 5*l = 63 - 8, 3*w + 3*l + 69 = 0. Is 88/w + 5 - (-63148)/20 a prime number?
False
Let k = 1383 + -2249. Let z = 4725 - k. Is z prime?
True
Let n = -1830 + -1104. Let t = -1703 - n. Suppose -6*q + 2*s = -3*q - t, 5*q + 3*s = 2039. Is q prime?
True
Suppose 4*a = -3*b + 74659, 30*b - 29*b + 56004 = 3*a. Is a a prime number?
False
Suppose -8*i + 37332 = -17*i. Let u = -1825 - i. Is u composite?
True
Suppose -5*j + 2*j + 6 = 0. Let c(u) = -1071*u**2 + u**3 + 40 - 3*u - 3*u + 1083*u**j. Is c(-9) a composite number?
False
Suppose 19*v - 22*v + 27 = 0. Let h = -4 + v. Suppose h*k = 5*s + 1233 + 1692, 5*s = k - 581. Is k a prime number?
False
Let c = 218110 - 85199. Is c composite?
False
Let s = 79 - 79. Suppose s = -6*g + 31 + 287. Is g a prime number?
True
Let q be (5 - 100/12)*(-48)/10. Suppose 20*f = q*f + 564. Is f prime?
False
Suppose 30*j + 61943 = 37*j. Is j a prime number?
True
Let r(d) = 397*d**2 + 88*d + 831. Is r(-10) a prime number?
False
Let j be (0 + 1)/(3/183). Suppose -j*f + 658 = -59*f. Suppose -78 = w - f. Is w composite?
False
Suppose 0 = 9*v - 13*v - 8. Let b(i) = -235*i**3 - 3*i**2 - 5*i. Let z be b(v). Suppose a - 188 = 5*d - z, 0 = d + 2*a - 327. Is d prime?
True
Let z(p) = 7 - 5 - 25 - 8*p**2 - 12*p - 2. Let n(m) = m**2. Let k(x) = -4*n(x) - z(x). Is k(-11) a composite number?
True
Let n = -121 - -151. Is 15974 - (18/4)/(45/n) composite?
False
Let u be 408*4 + 5/25*0. Let o = 4105 - u. Is o prime?
True
Suppose -2*d + 2*i + 41996 = 0, 101*i - 15 = 96*i. Is d prime?
True
Let o(c) = 31*c**2 - 2*c - 34. Let f = 124 + -123. Let r be f + (-2 - 38)/(-5). Is o(r) a composite number?
False
Suppose 0 = -g - 5*t + 27, 0 = 5*t - 4 - 21. Is (4 - (g - 0))*(-4202)/(-4) a composite number?
True
Is ((-26)/52)/(-1 + (-104613)/(-104614)) a composite number?
True
Suppose 21*u + 12 = 23*u. Let h be (2 + (3 - u))*3. Is (-8506)/(-6)*4/((-4)/h) composite?
False
Suppose 0 = s + s + 1166. Suppose -26*k + 9*k - 70518 = 52*k. Let t = s - k. Is t composite?
False
Suppose 0 = -8*w + 275109 - 69277. Is w a composite number?
True
Let j = -23473 - -53301. Suppose 18*m - j = 1402. Is m a prime number?
False
Suppose 0 = -5*h - 5*h + 570. Let i = 148 - h. Suppose -3*p = -4*q + 2*p + 330, 3*p - i = -q. Is q a prime number?
False
Suppose -o - 4*j + 3139 = 0, 9349 = 2*o + o - 5*j. Suppose 0 = -14*c + 11*c + o. Is c prime?
False
Let g be 5 - (9/(-3))/(30/(-20)). Suppose g*t - 11945 = -2*t. Is t composite?
False
Suppose 3*n - 5743 = 5*h, -5*n - h + 9525 = -0*h. Is ((12/(-8))/(-3))/(1/n) prime?
True
Suppose -3*h + 3*i + 48966 = 0, -3*h + 56144 = -i + 7184. Is h a prime number?
True
Let b(y) = 3377*y**2 - 627*y + 4427. Is b(7) a composite number?
False
Suppose 10*g - j = 9*g + 156296, -2*j + 781515 = 5*g. Is g prime?
False
Suppose -g = c + 9, -2*g - 21 = -g + 5*c. Is (-4 - -2)*17193/g composite?
True
Let k(l) = -37*l**3 + 17*l**2 + 6*l + 19. Is k(-11) prime?
True
Suppose 2469*a = 2420*a + 5534501. Is a a composite number?
True
Suppose 0 = -17*o + 21*o - 4. Let a be ((-136)/(-12))/(o/51). Is (-24)/20*(-10)/4 + a a prime number?
False
Suppose 3*v + 18643 + 290866 = 4*i, -i + 77366 = 3*v. Suppose 481516 = 17*s + i. Is s composite?
False
Suppose 3*c - 1223 = -4*n, 13*c - 14*c - 5*n + 393 = 0. Let d = 1164 - c. Is d prime?
True
Is (-2*18/16 - -2)*(-8121731 + -137) composite?
False
Let d(f) be the third derivative of 43*f**6/60 + f**5/60 + 16*f**2. Suppose 0*m - m = -1. Is d(m) a composite number?
True
Is 2054130/21 + -2 + 9*(-4)/(-126) prime?
False
Is (3 + 2 - -2729)*(92/8 - 3) a prime number?
False
Let y = -426 + 428. Is (-742710)/(-130) + 4/(-26) - y a composite number?
False
Let w(g) = g**2 + 45*g + 99. Let d be w(-29). Let k = 1162 - d. Is k a prime number?
False
Let h be 1889 - (-7 + -4 + 5). Let v(u) = 19*u - 5. Let y be v(2). Suppose -38*j + y*j = -h. Is j a prime number?
True
Suppose 0 = 11*l - 22*l + 605344 + 5341003. Is l composite?
False
Let u(f) be the third derivative of f**6/120 - f**4/12 + 443*f**3/6 + 4*f**2 - 5. Is u(0) a prime number?
True
Suppose -5*o - 776848 = -4*h, 56*h + 194215 = 57*h - 2*o. Is h prime?
False
Suppose 216*k - 1158362 = 122*k. Is k a composite number?
False
Suppose -y + 2*i = -161211, 115*y - 112*y - 483584 = -i. Is y composite?
True
Suppose 4*q - 12 = 3*c, -5*q + 26 = 3*c - 4*c. Is ((-7827)/q)/(5/(-10)) prime?
True
Let k(d) = d**2 + 5*d - 28. Suppose 3*c = 3*p + 27, 2*p + 9 = p + 5*c. Let r be k(p). Is (1174/4)/(-2 - (-20)/r) a composite number?
False
Suppose 1158133 = 17*j - 241800. Is j prime?
True
Suppose 7*d + 52990 = 21*d. Suppose -3*l - 4*i + 2267 = -1502, 3*l - 4*i = d. Is l prime?
True
Let v(p) = 6*p**3 + 6*p**2 + 15*p + 3. Let a be v(-8). Let k(m) = -7*m**3 + m**2 - 12*m - 2. Let i be k(6). Let z = i - a. Is z a composite number?
True
Let o(x) = 61*x - 206. Let d be 0 - -27 - -12*(-1)/6. Is o(d) composite?
False
Suppose -i + 9 = 2*i, 4*w = 4*i + 322824. Is w prime?
False
Let f(x) = 19*x**2 - 6*x + 17. Suppose 4*h + 33 = 3*t, -9 = 13*t - 16*t. Is f(h) a composite number?
True
Let n = 317823 - 199726. Is n a prime number?
False
Let d = -78260 + 129861. Is d a composite number?
True
Suppose -156*p + 9361760 = -76*p. Is p a composite number?
True
Let b(v) = -8692*v + 1849. Is b(-51) a composite number?
False
Is (-298197)/(-612)*((2 - -1468) + -2) composite?
True
Suppose 0 = -57*h + 21*h + 72. Suppose -5*o + 28302 = h*p, 0 = 5*p - 10*p - 2*o + 70713. Is p a composite number?
True
Let a(h) = -28*h**3 + 41*h**2 - 6*h + 35. Is a(-18) a composite number?
True
Let k(o) be the first derivative of o**4/4 + 10*o**3 + 5*o**2 - 39*o + 90. Is k(-28) a composite number?
False
Suppose t - 5*k = 229359, -5*k = -69*t + 61*t + 1834802. Is t a prime number?
False
Let h(r) = -27*r + 3176. Is h(75) a prime number?
True
Let a(i) = 27*i - 224. Let g = -543 - -560. Is a(g) a composite number?
True
Let u(k) be the second derivative of 52*k**3/3 + 3*k**2/2 + 22*k. Let y be u(1). Suppose -112*i = -y*i - 6295. Is i prime?
True
Suppose 9*h = 91982 - 29468. Suppose 8*p - h - 2158 = 0. Is p composite?
True
Let f = -411 + 502. Suppose f*w - 82*w = 136665. Is w prime?
False
Let w = 185208 - 96919. Is w a composite number?
False
Let z(d) = 30*d - 94. Let c be z(3). Is 10059 + c/8*4 a composite number?
True
Let g be -1 + ((-47862)/15)/((-15)/50). Let r = g - 4114. Is r prime?
True
Let g be (-24)/9*(-3)/2. Suppose 0 = -5*y + g*z + 99813, -10*z = -14*z - 8. Is y composite?
False
Let y(d) = -290910*d - 2713. Is y(-8) prime?
False
Let y(l) = -l**2 + 4*l + 6. Let h be y(-2). Let b(i) = -i**3 - 7*i**2 - 6*i. Let r be b(h). Is (1 - r)/((-6)/(-17610)) a prime number?
False
Suppose -2*m - 15 = 5. Let s(o) = -6*o**2 - 1. Let b be s(m). Let n = 2700 + b. Is n composite?
False
Suppose -33 + 43 = -5*p. Is (-11115 - 8 - -9)/p a prime number?
True
Is (5 + (-8 - -2))*(-51020 + -9) prime?
False
Let f = 52290 - -161531. Is f composite?
False
Let q(n) = -n**3 - 21*n**2 - 2*n - 39. Let j be q(-21). Suppose j*u = -3*o + 249, -u - 11*o = -15*o - 63. Is u composite?
False
Suppose 2*l + 4123 = -1399. Let o = -660 - l. Is o prime?
False
Let g(t) = -t + 19. Let q be g(14). Suppose -q*r + 595 + 12560 = 0. Is r a prime number?
False
Suppose j + 3*m - 4424195 = 0, 5*j + 255*m - 253*m = 22120871. Is j a composite number?
False
Let z be 4*(27/12 - 1). Suppose -3*d + i - 146 = -z*d, 0 = d + 3*i - 73. Let h = d + 33. Is h composite?
True
Is 6 - (-125833)/2*(-124)/(-62) prime?
False
Let h(q) = 349*q**2 - 66*q + 80. Let j(w) = 70*w**2 - 13*w + 16. Let k(y) = -2*h(y) + 11*j(y). Is k(3) prime?
True
Let d be (20/(-6))/((-2)/(-24)). Let q be (-1)/4 + (-124650)/d. Is (-2)/(-10) - (q/(-20) + -1) a composite number?
False
Suppose 32*f + 16548 = 36*f. Suppose -f = -r - 823. Is r prime?
False
Let x(b) = b + 5. Let n be x(-4). Let c be -1 - n - -3 - (-1)/1. Is (3884/(-8))/(c/(-4)) a composite number?
False
Let m